{"id":1457,"date":"2026-03-18T12:48:34","date_gmt":"2026-03-18T12:48:34","guid":{"rendered":"https:\/\/maakal.com\/apple\/?post_type=product&#038;p=1457"},"modified":"2026-03-18T12:53:36","modified_gmt":"2026-03-18T12:53:36","slug":"iphone-17e","status":"publish","type":"product","link":"https:\/\/maakal.com\/apple\/producto\/iphone-17e\/","title":{"rendered":"iPhone 17e"},"content":{"rendered":"<ul>\n<li>BUEN MOMENTO PARA UNA BUENA COMPRA \u2014 El iPhone\u00a017e viene con muchas de las incre\u00edbles funcionalidades del iPhone\u00a017 a un precio muy conveniente.<\/li>\n<li>BOT\u00d3N DE ACCI\u00d3N \u2014 Personal\u00edzalo para acceder directamente a tus apps o funcionalidades favoritas, o para que Inteligencia Visual te ayude a descubrir un mundo de informaci\u00f3n sobre lo que te rodea.<\/li>\n<li>DISE\u00d1ADO PARA DURAR \u2014 El iPhone\u00a017e est\u00e1 protegido por el Ceramic\u00a0Shield\u00a02 en la parte frontal, con una resistencia a los rayones tres veces mayor que la generaci\u00f3n anterior.<\/li>\n<li>ESPECTACULAR PANTALLA \u2014 La pantalla Super\u00a0Retina\u00a0XDR de 6,1 pulgadas hace que el color cobre vida en las fotos y que el texto sea f\u00e1cil de leer. Y el revestimiento antirreflejo de siete capas reduce los brillos incluso a pleno sol.<\/li>\n<li>BATER\u00cdA PARA TODO EL D\u00cdA \u2014 Env\u00eda mensajes, navega y disfruta tus series y pel\u00edculas favoritas durante horas y horas. Carga a toda velocidad con USB-C y ahora con MagSafe.<\/li>\n<li>CARGA INAL\u00c1MBRICA R\u00c1PIDA. TODO HACE CLIC CON MAGSAFE. \u2014 El iPhone\u00a017e permite cargas inal\u00e1mbricas de hasta 15\u00a0W, en comparaci\u00f3n con los 7,5\u00a0W del iPhone\u00a016e. Eso significa que cargarlo es f\u00e1cil, pr\u00e1ctico y r\u00e1pido.<\/li>\n<li>CHIP\u00a0A19. POTENCIA MARAT\u00d3NICA. \u2014 Gracias al chip A19, todo funciona de manera r\u00e1pida y fluida por muchos a\u00f1os, para que puedas disfrutar juegos AAA, ver contenido 4K y mucho m\u00e1s.<\/li>\n<li>DOS AVANZADAS C\u00c1MARAS EN UNA \u2014 La c\u00e1mara Fusion de 48\u00a0MP viene con teleobjetivo de calidad \u00f3ptica de 2x. Y con los retratos de \u00faltima generaci\u00f3n, puedes tomar la foto sin perderte el momento, y luego difuminar el fondo para convertirla en un hermoso retrato.<\/li>\n<li>M\u00c1S ESPACIO PARA LO QUE IMPORTA \u2014 Con un almacenamiento inicial de 256\u00a0GB, hay lugar para todo lo que te gusta y todo lo que te gustar\u00e1: fotos en superalta resoluci\u00f3n, videos 4K, tus apps y juegos favoritos, y mucho m\u00e1s.<\/li>\n<li>FUNCIONALIDADES ESENCIALES DE SEGURIDAD \u2014 Con Detecci\u00f3n de Choques, el iPhone puede detectar si sufres un accidente automovil\u00edstico grave y pedir ayuda cuando t\u00fa no puedes.<\/li>\n<li>IOS Y APPLE INTELLIGENCE. M\u00c1XIMA UTILIDAD. M\u00cdNIMO ESFUERZO. \u2014 Personal, privado y poderoso. Escribe, expr\u00e9sate y haz de todo con mucha facilidad gracias a funcionalidades avanzadas como Revisi\u00f3n de Llamadas, Borrador, Traducci\u00f3n en Vivo e Inteligencia Visual.<\/li>\n<li>PRIVACIDAD \u2014 Usa Face\u00a0ID para desbloquear tu tel\u00e9fono de forma segura, iniciar sesi\u00f3n en apps y hacer pagos.<\/li>\n<li>DISPOSITIVO COMPATIBLE CON eSIM \u2014 Ya no necesitas una tarjeta SIM f\u00edsica. Activa tu eSIM durante la configuraci\u00f3n del iPhone. Descubre m\u00e1s en nuestra <a href=\"https:\/\/co.tiendasishop.com\/pages\/esim\">gu\u00eda eSIM<\/a>.<\/li>\n<\/ul>\n","protected":false},"excerpt":{"rendered":"<p>El iPhone 17e tiene una espectacular pantalla Super Retina XDR de 6,1 pulgadas, el potente chip A19, bater\u00eda para todo el d\u00eda y almacenamiento inicial de 256 GB.<\/p>\n","protected":false},"featured_media":1465,"comment_status":"open","ping_status":"closed","template":"","meta":{"_acf_changed":false},"product_brand":[],"product_cat":[18,21],"product_tag":[],"class_list":{"0":"post-1457","1":"product","2":"type-product","3":"status-publish","4":"has-post-thumbnail","6":"product_cat-apple","7":"product_cat-iphone","9":"first","10":"instock","11":"shipping-taxable","12":"product-type-simple"},"acf":[],"_links":{"self":[{"href":"https:\/\/maakal.com\/apple\/wp-json\/wp\/v2\/product\/1457","targetHints":{"allow":["GET"]}}],"collection":[{"href":"https:\/\/maakal.com\/apple\/wp-json\/wp\/v2\/product"}],"about":[{"href":"https:\/\/maakal.com\/apple\/wp-json\/wp\/v2\/types\/product"}],"replies":[{"embeddable":true,"href":"https:\/\/maakal.com\/apple\/wp-json\/wp\/v2\/comments?post=1457"}],"wp:featuredmedia":[{"embeddable":true,"href":"https:\/\/maakal.com\/apple\/wp-json\/wp\/v2\/media\/1465"}],"wp:attachment":[{"href":"https:\/\/maakal.com\/apple\/wp-json\/wp\/v2\/media?parent=1457"}],"wp:term":[{"taxonomy":"product_brand","embeddable":true,"href":"https:\/\/maakal.com\/apple\/wp-json\/wp\/v2\/product_brand?post=1457"},{"taxonomy":"product_cat","embeddable":true,"href":"https:\/\/maakal.com\/apple\/wp-json\/wp\/v2\/product_cat?post=1457"},{"taxonomy":"product_tag","embeddable":true,"href":"https:\/\/maakal.com\/apple\/wp-json\/wp\/v2\/product_tag?post=1457"}],"curies":[{"name":"wp","href":"https:\/\/api.w.org\/{rel}","templated":true}]}}