{"id":1447,"date":"2026-03-17T22:21:05","date_gmt":"2026-03-17T22:21:05","guid":{"rendered":"https:\/\/maakal.com\/apple\/?post_type=product&#038;p=1447"},"modified":"2026-03-17T22:29:36","modified_gmt":"2026-03-17T22:29:36","slug":"ipad-air-13-chip-m4","status":"publish","type":"product","link":"https:\/\/maakal.com\/apple\/producto\/ipad-air-13-chip-m4\/","title":{"rendered":"iPad Air 13\u201d, chip M4"},"content":{"rendered":"<ul>\n<li>POR QU\u00c9 EL IPAD AIR \u2014 El iPad Air con chip M4 de Apple ofrece un rendimiento fuera de serie en un dise\u00f1o elegante. Adem\u00e1s, viene en dos tama\u00f1os perfectos para llevar a todos lados. Viene con Apple Intelligence, una espectacular pantalla Liquid Retina, Touch ID, c\u00e1maras avanzadas y Wi-Fi 7.<\/li>\n<li>RENDIMIENTO Y ALMACENAMIENTO \u2014 El chip M4 ofrece gr\u00e1ficos avanzados y un rendimiento incre\u00edble para hacer multitasking y tareas complejas de IA con mucha fluidez. Y con una bater\u00eda que te acompa\u00f1a todo el d\u00eda, puedes seguir trabajando y divirti\u00e9ndote dondequiera que est\u00e9s. Elige hasta 1 TB de almacenamiento para tus apps, canciones, pel\u00edculas y m\u00e1s.<\/li>\n<li>IPADOS + APPS \u2014 Usa apps y haz mucho m\u00e1s con las funcionalidades revolucionarias y el dise\u00f1o intuitivo de iPadOS. El sistema de ventanas flexible te permite controlar, organizar y gestionar tus flujos de trabajo como nunca antes.<\/li>\n<li>APPLE INTELLIGENCE \u2014 Apple Intelligence es un sistema de inteligencia personal que te ayuda a crear, comunicarte y hacer de todo f\u00e1cilmente, con revolucionarias protecciones de privacidad a cada paso.<\/li>\n<li>PANTALLA LIQUID RETINA DE 13 PULGADAS \u2014 La espectacular pantalla Liquid Retina integra tecnolog\u00edas avanzadas como True Tone, amplia gama de colores P3 y una reflectividad extremadamente baja para que todo se vea de maravilla.<\/li>\n<li>CONECTIVIDAD \u2014 La conexi\u00f3n Wi\u2011Fi 7 con el chip N1 de Apple permite conexiones inal\u00e1mbricas r\u00e1pidas para transferir fotos, documentos y archivos de video pesados. Y la conexi\u00f3n 5G ultrarr\u00e1pida que ofrece el m\u00f3dem C1X de Apple te da total flexibilidad para seguir en contacto dondequiera que est\u00e9s.<\/li>\n<li>APPLE PENCIL Y MAGIC KEYBOARD PARA EL IPAD AIR \u2014 El Apple Pencil Pro y el Apple Pencil (USB-C) permiten un control preciso e intuitivo para dibujar, tomar notas y dar rienda suelta a la creatividad. El Magic Keyboard te permite escribir con total comodidad y viene con un trackpad con respuesta h\u00e1ptica.<\/li>\n<li>C\u00c1MARAS AVANZADAS \u2014 El iPad Air viene con una c\u00e1mara frontal Center Stage de 12 MP, que es perfecta para hacer videollamadas y sacarte selfies, y una c\u00e1mara trasera gran angular de 12 MP para escanear documentos, tomar fotos y grabar videos 4K.<\/li>\n<li>DESBLOQUEA Y PAGA CON TOUCH ID \u2014 Touch ID te permite desbloquear tu iPad Air con tu huella digital, iniciar sesi\u00f3n en apps y hacer pagos de forma segura con Apple Pay.<\/li>\n<\/ul>\n","protected":false},"excerpt":{"rendered":"<p>El iPad Air de 13 pulgadas. Dise\u00f1ado para Apple Intelligence y ahora con los superpoderes del chip M4 de Apple. Es tan poderoso como accesible. Viene con una espectacular pantalla Liquid Retina, c\u00e1mara frontal Center Stage de 12 MP para videollamadas incre\u00edbles, iPadOS, y conexiones Wi-Fi 7 y 5G ultrarr\u00e1pidas. Como funciona con el Apple Pencil Pro, el Magic Keyboard para el iPad Air y m\u00e1s, puedes hacer varias tareas al mismo tiempo, estudiar, trabajar, jugar y crear con facilidad.<\/p>\n","protected":false},"featured_media":1448,"comment_status":"open","ping_status":"closed","template":"","meta":{"_acf_changed":false},"product_brand":[],"product_cat":[18,20],"product_tag":[],"class_list":{"0":"post-1447","1":"product","2":"type-product","3":"status-publish","4":"has-post-thumbnail","6":"product_cat-apple","7":"product_cat-ipad","9":"first","10":"instock","11":"shipping-taxable","12":"product-type-simple"},"acf":[],"_links":{"self":[{"href":"https:\/\/maakal.com\/apple\/wp-json\/wp\/v2\/product\/1447","targetHints":{"allow":["GET"]}}],"collection":[{"href":"https:\/\/maakal.com\/apple\/wp-json\/wp\/v2\/product"}],"about":[{"href":"https:\/\/maakal.com\/apple\/wp-json\/wp\/v2\/types\/product"}],"replies":[{"embeddable":true,"href":"https:\/\/maakal.com\/apple\/wp-json\/wp\/v2\/comments?post=1447"}],"wp:featuredmedia":[{"embeddable":true,"href":"https:\/\/maakal.com\/apple\/wp-json\/wp\/v2\/media\/1448"}],"wp:attachment":[{"href":"https:\/\/maakal.com\/apple\/wp-json\/wp\/v2\/media?parent=1447"}],"wp:term":[{"taxonomy":"product_brand","embeddable":true,"href":"https:\/\/maakal.com\/apple\/wp-json\/wp\/v2\/product_brand?post=1447"},{"taxonomy":"product_cat","embeddable":true,"href":"https:\/\/maakal.com\/apple\/wp-json\/wp\/v2\/product_cat?post=1447"},{"taxonomy":"product_tag","embeddable":true,"href":"https:\/\/maakal.com\/apple\/wp-json\/wp\/v2\/product_tag?post=1447"}],"curies":[{"name":"wp","href":"https:\/\/api.w.org\/{rel}","templated":true}]}}