{"id":304,"date":"2025-07-30T18:54:47","date_gmt":"2025-07-30T18:54:47","guid":{"rendered":"https:\/\/maakal.com\/apple-colombia\/?page_id=304"},"modified":"2025-10-10T18:39:41","modified_gmt":"2025-10-10T18:39:41","slug":"eventos","status":"publish","type":"page","link":"https:\/\/maakal.com\/apple\/eventos\/","title":{"rendered":"Eventos"},"content":{"rendered":"\t\t<div data-elementor-type=\"wp-page\" data-elementor-id=\"304\" class=\"elementor elementor-304\" data-elementor-post-type=\"page\">\n\t\t\t\t<div class=\"elementor-element elementor-element-b3a3d22 e-flex e-con-boxed e-con e-parent\" data-id=\"b3a3d22\" data-element_type=\"container\">\n\t\t\t\t\t<div class=\"e-con-inner\">\n\t\t<div class=\"elementor-element elementor-element-cf36c35 e-con-full e-flex e-con e-child\" data-id=\"cf36c35\" data-element_type=\"container\">\n\t\t\t\t<div class=\"elementor-element elementor-element-6783003 elementor-widget elementor-widget-heading\" data-id=\"6783003\" data-element_type=\"widget\" data-widget_type=\"heading.default\">\n\t\t\t\t\t<h2 class=\"elementor-heading-title elementor-size-default\">Experiencias que conectan<\/h2>\t\t\t\t<\/div>\n\t\t\t\t<div class=\"elementor-element elementor-element-e2d38a9 elementor-widget__width-initial elementor-widget-tablet__width-initial elementor-widget elementor-widget-text-editor\" data-id=\"e2d38a9\" data-element_type=\"widget\" data-widget_type=\"text-editor.default\">\n\t\t\t\t\t\t\t\t\t<p><span style=\"font-weight: 400;\">Nuestras experiencias est\u00e1n dise\u00f1adas para mostrar c\u00f3mo Maakal y Apple potencian la productividad, la seguridad y la innovaci\u00f3n en el entorno empresarial. Obtenga informaci\u00f3n estrat\u00e9gica sobre el ecosistema Apple, acceda a sesiones de formaci\u00f3n con expertos y participe en espacios creados para transformar la manera en que su organizaci\u00f3n trabaja.<\/span><\/p>\t\t\t\t\t\t\t\t<\/div>\n\t\t\t\t<\/div>\n\t\t\t\t\t<\/div>\n\t\t\t\t<\/div>\n\t\t<div class=\"elementor-element elementor-element-a77f482 e-flex e-con-boxed e-con e-parent\" data-id=\"a77f482\" data-element_type=\"container\">\n\t\t\t\t\t<div class=\"e-con-inner\">\n\t\t\t\t<div class=\"elementor-element elementor-element-50cf4c0 elementor-widget elementor-widget-heading\" data-id=\"50cf4c0\" data-element_type=\"widget\" data-widget_type=\"heading.default\">\n\t\t\t\t\t<h2 class=\"elementor-heading-title elementor-size-default\"><br><br><br>Estaremos anunciando nuestros pr\u00f3ximos eventos<br><br><br><br><br><br><br><br><br><br><br><br><br><br><\/h2>\t\t\t\t<\/div>\n\t\t\t\t<div class=\"elementor-element elementor-element-3668938 elementor-hidden-desktop elementor-hidden-tablet elementor-hidden-mobile elementor-pagination-type-bullets elementor-pagination-position-outside elementor-widget elementor-widget-n-carousel\" data-id=\"3668938\" data-element_type=\"widget\" data-settings=\"{&quot;carousel_items&quot;:[{&quot;slide_title&quot;:&quot;Slide #1&quot;,&quot;_id&quot;:&quot;b4ed303&quot;},{&quot;slide_title&quot;:&quot;Slide #1&quot;,&quot;_id&quot;:&quot;938c514&quot;},{&quot;slide_title&quot;:&quot;Slide #1&quot;,&quot;_id&quot;:&quot;8d787ca&quot;}],&quot;slides_to_show_tablet&quot;:&quot;2&quot;,&quot;slides_to_show_mobile&quot;:&quot;1&quot;,&quot;autoplay&quot;:&quot;yes&quot;,&quot;autoplay_speed&quot;:5000,&quot;pause_on_hover&quot;:&quot;yes&quot;,&quot;pause_on_interaction&quot;:&quot;yes&quot;,&quot;infinite&quot;:&quot;yes&quot;,&quot;speed&quot;:500,&quot;offset_sides&quot;:&quot;none&quot;,&quot;pagination&quot;:&quot;bullets&quot;,&quot;image_spacing_custom&quot;:{&quot;unit&quot;:&quot;px&quot;,&quot;size&quot;:10,&quot;sizes&quot;:[]},&quot;image_spacing_custom_tablet&quot;:{&quot;unit&quot;:&quot;px&quot;,&quot;size&quot;:&quot;&quot;,&quot;sizes&quot;:[]},&quot;image_spacing_custom_mobile&quot;:{&quot;unit&quot;:&quot;px&quot;,&quot;size&quot;:&quot;&quot;,&quot;sizes&quot;:[]}}\" data-widget_type=\"nested-carousel.default\">\n\t\t\t\t\t\t\t<div class=\"e-n-carousel swiper\" role=\"region\" aria-roledescription=\"carousel\" aria-label=\"Carousel\" dir=\"ltr\">\n\t\t\t<div class=\"swiper-wrapper\" aria-live=\"off\">\n\t\t\t\t\t\t\t\t\t\t<div class=\"swiper-slide\" data-slide=\"1\" role=\"group\" aria-roledescription=\"slide\" aria-label=\"1 of 3\">\n\t\t\t\t\t\t\t<div class=\"elementor-element elementor-element-0c9382d e-flex e-con-boxed e-con e-child\" data-id=\"0c9382d\" data-element_type=\"container\" data-settings=\"{&quot;background_background&quot;:&quot;classic&quot;}\">\n\t\t\t\t\t<div class=\"e-con-inner\">\n\t\t<div class=\"elementor-element elementor-element-1deaf44 e-con-full e-flex e-con e-child\" data-id=\"1deaf44\" data-element_type=\"container\" data-settings=\"{&quot;background_background&quot;:&quot;classic&quot;}\">\n\t\t\t\t<div class=\"elementor-element elementor-element-462d3ea elementor-widget elementor-widget-image\" data-id=\"462d3ea\" data-element_type=\"widget\" data-widget_type=\"image.default\">\n\t\t\t\t\t\t\t\t\t\t\t\t\t\t\t<img fetchpriority=\"high\" decoding=\"async\" width=\"1080\" height=\"1080\" src=\"https:\/\/maakal.com\/apple\/wp-content\/uploads\/2025\/07\/Portadas-eventos.jpg\" class=\"attachment-full size-full wp-image-418\" alt=\"\" srcset=\"https:\/\/maakal.com\/apple\/wp-content\/uploads\/2025\/07\/Portadas-eventos.jpg 1080w, https:\/\/maakal.com\/apple\/wp-content\/uploads\/2025\/07\/Portadas-eventos-300x300.jpg 300w, https:\/\/maakal.com\/apple\/wp-content\/uploads\/2025\/07\/Portadas-eventos-1024x1024.jpg 1024w, https:\/\/maakal.com\/apple\/wp-content\/uploads\/2025\/07\/Portadas-eventos-150x150.jpg 150w, https:\/\/maakal.com\/apple\/wp-content\/uploads\/2025\/07\/Portadas-eventos-768x768.jpg 768w, https:\/\/maakal.com\/apple\/wp-content\/uploads\/2025\/07\/Portadas-eventos-600x600.jpg 600w, https:\/\/maakal.com\/apple\/wp-content\/uploads\/2025\/07\/Portadas-eventos-100x100.jpg 100w\" sizes=\"(max-width: 1080px) 100vw, 1080px\" \/>\t\t\t\t\t\t\t\t\t\t\t\t\t\t\t<\/div>\n\t\t\t\t<div class=\"elementor-element elementor-element-121d7c9 elementor-widget elementor-widget-text-editor\" data-id=\"121d7c9\" data-element_type=\"widget\" data-widget_type=\"text-editor.default\">\n\t\t\t\t\t\t\t\t\t<p><strong>Casos de \u00e9xito<\/strong><\/p>\t\t\t\t\t\t\t\t<\/div>\n\t\t\t\t<div class=\"elementor-element elementor-element-bb636a1 elementor-widget elementor-widget-text-editor\" data-id=\"bb636a1\" data-element_type=\"widget\" data-widget_type=\"text-editor.default\">\n\t\t\t\t\t\t\t\t\t<p><strong>Cali <span style=\"font-weight: 400;\">Jueves 14 de agosto<\/span><\/strong><\/p>\t\t\t\t\t\t\t\t<\/div>\n\t\t\t\t<div class=\"elementor-element elementor-element-1e7fe80 elementor-widget-divider--view-line elementor-widget elementor-widget-divider\" data-id=\"1e7fe80\" data-element_type=\"widget\" data-widget_type=\"divider.default\">\n\t\t\t\t\t\t\t<div class=\"elementor-divider\">\n\t\t\t<span class=\"elementor-divider-separator\">\n\t\t\t\t\t\t<\/span>\n\t\t<\/div>\n\t\t\t\t\t\t<\/div>\n\t\t\t\t<div class=\"elementor-element elementor-element-89b23ae elementor-widget elementor-widget-text-editor\" data-id=\"89b23ae\" data-element_type=\"widget\" data-widget_type=\"text-editor.default\">\n\t\t\t\t\t\t\t\t\t<p><span style=\"font-weight: 400;\">Conozca c\u00f3mo nuestros clientes est\u00e1n transformando su operaci\u00f3n con tecnolog\u00eda Apple. Compartiremos historias reales y aprendizajes clave de empresas l\u00edderes del pa\u00eds. <\/span><\/p>\t\t\t\t\t\t\t\t<\/div>\n\t\t\t\t<\/div>\n\t\t\t\t\t<\/div>\n\t\t\t\t<\/div>\n\t\t\t\t\t\t\t\t<\/div>\n\t\t\t\t\t\t\t\t\t\t\t<div class=\"swiper-slide\" data-slide=\"2\" role=\"group\" aria-roledescription=\"slide\" aria-label=\"2 of 3\">\n\t\t\t\t\t\t\t<div class=\"elementor-element elementor-element-34ef742 e-flex e-con-boxed e-con e-child\" data-id=\"34ef742\" data-element_type=\"container\" data-settings=\"{&quot;background_background&quot;:&quot;classic&quot;}\">\n\t\t\t\t\t<div class=\"e-con-inner\">\n\t\t<div class=\"elementor-element elementor-element-02e5ff0 e-con-full e-flex e-con e-child\" data-id=\"02e5ff0\" data-element_type=\"container\" data-settings=\"{&quot;background_background&quot;:&quot;classic&quot;}\">\n\t\t\t\t<div class=\"elementor-element elementor-element-d8f31bd elementor-widget elementor-widget-image\" data-id=\"d8f31bd\" data-element_type=\"widget\" data-widget_type=\"image.default\">\n\t\t\t\t\t\t\t\t\t\t\t\t\t\t\t<img decoding=\"async\" width=\"1080\" height=\"1080\" src=\"https:\/\/maakal.com\/apple\/wp-content\/uploads\/2025\/07\/Portadas-eventos-3.jpg\" class=\"attachment-full size-full wp-image-420\" alt=\"\" srcset=\"https:\/\/maakal.com\/apple\/wp-content\/uploads\/2025\/07\/Portadas-eventos-3.jpg 1080w, https:\/\/maakal.com\/apple\/wp-content\/uploads\/2025\/07\/Portadas-eventos-3-300x300.jpg 300w, https:\/\/maakal.com\/apple\/wp-content\/uploads\/2025\/07\/Portadas-eventos-3-1024x1024.jpg 1024w, https:\/\/maakal.com\/apple\/wp-content\/uploads\/2025\/07\/Portadas-eventos-3-150x150.jpg 150w, https:\/\/maakal.com\/apple\/wp-content\/uploads\/2025\/07\/Portadas-eventos-3-768x768.jpg 768w, https:\/\/maakal.com\/apple\/wp-content\/uploads\/2025\/07\/Portadas-eventos-3-600x600.jpg 600w, https:\/\/maakal.com\/apple\/wp-content\/uploads\/2025\/07\/Portadas-eventos-3-100x100.jpg 100w\" sizes=\"(max-width: 1080px) 100vw, 1080px\" \/>\t\t\t\t\t\t\t\t\t\t\t\t\t\t\t<\/div>\n\t\t\t\t<div class=\"elementor-element elementor-element-a5b0c2f elementor-widget elementor-widget-text-editor\" data-id=\"a5b0c2f\" data-element_type=\"widget\" data-widget_type=\"text-editor.default\">\n\t\t\t\t\t\t\t\t\t<p><strong>Casos de \u00e9xito<\/strong><\/p>\t\t\t\t\t\t\t\t<\/div>\n\t\t\t\t<div class=\"elementor-element elementor-element-b0df559 elementor-widget elementor-widget-text-editor\" data-id=\"b0df559\" data-element_type=\"widget\" data-widget_type=\"text-editor.default\">\n\t\t\t\t\t\t\t\t\t<p><strong>Medell\u00edn <span style=\"font-weight: 400;\">Jueves 21 de agosto<\/span><\/strong><\/p>\t\t\t\t\t\t\t\t<\/div>\n\t\t\t\t<div class=\"elementor-element elementor-element-d411f18 elementor-widget-divider--view-line elementor-widget elementor-widget-divider\" data-id=\"d411f18\" data-element_type=\"widget\" data-widget_type=\"divider.default\">\n\t\t\t\t\t\t\t<div class=\"elementor-divider\">\n\t\t\t<span class=\"elementor-divider-separator\">\n\t\t\t\t\t\t<\/span>\n\t\t<\/div>\n\t\t\t\t\t\t<\/div>\n\t\t\t\t<div class=\"elementor-element elementor-element-0e4c24d elementor-widget elementor-widget-text-editor\" data-id=\"0e4c24d\" data-element_type=\"widget\" data-widget_type=\"text-editor.default\">\n\t\t\t\t\t\t\t\t\t<p><span style=\"font-weight: 400;\">Un espacio para conectar con otras empresas y descubrir c\u00f3mo Maakal ha logrado transformar restos empresariales a trav\u00e9s de tecnolog\u00eda Apple.<\/span><\/p>\t\t\t\t\t\t\t\t<\/div>\n\t\t\t\t<\/div>\n\t\t\t\t\t<\/div>\n\t\t\t\t<\/div>\n\t\t\t\t\t\t\t\t<\/div>\n\t\t\t\t\t\t\t\t\t\t\t<div class=\"swiper-slide\" data-slide=\"3\" role=\"group\" aria-roledescription=\"slide\" aria-label=\"3 of 3\">\n\t\t\t\t\t\t\t<div class=\"elementor-element elementor-element-bb55e43 e-flex e-con-boxed e-con e-child\" data-id=\"bb55e43\" data-element_type=\"container\" data-settings=\"{&quot;background_background&quot;:&quot;classic&quot;}\">\n\t\t\t\t\t<div class=\"e-con-inner\">\n\t\t<div class=\"elementor-element elementor-element-a5f9bf5 e-con-full e-flex e-con e-child\" data-id=\"a5f9bf5\" data-element_type=\"container\" data-settings=\"{&quot;background_background&quot;:&quot;classic&quot;}\">\n\t\t\t\t<div class=\"elementor-element elementor-element-d1adb19 elementor-widget elementor-widget-image\" data-id=\"d1adb19\" data-element_type=\"widget\" data-widget_type=\"image.default\">\n\t\t\t\t\t\t\t\t\t\t\t\t\t\t\t<img decoding=\"async\" width=\"1080\" height=\"1080\" src=\"https:\/\/maakal.com\/apple\/wp-content\/uploads\/2025\/07\/Portadas-eventos-2.jpg\" class=\"attachment-full size-full wp-image-419\" alt=\"\" srcset=\"https:\/\/maakal.com\/apple\/wp-content\/uploads\/2025\/07\/Portadas-eventos-2.jpg 1080w, https:\/\/maakal.com\/apple\/wp-content\/uploads\/2025\/07\/Portadas-eventos-2-300x300.jpg 300w, https:\/\/maakal.com\/apple\/wp-content\/uploads\/2025\/07\/Portadas-eventos-2-1024x1024.jpg 1024w, https:\/\/maakal.com\/apple\/wp-content\/uploads\/2025\/07\/Portadas-eventos-2-150x150.jpg 150w, https:\/\/maakal.com\/apple\/wp-content\/uploads\/2025\/07\/Portadas-eventos-2-768x768.jpg 768w, https:\/\/maakal.com\/apple\/wp-content\/uploads\/2025\/07\/Portadas-eventos-2-600x600.jpg 600w, https:\/\/maakal.com\/apple\/wp-content\/uploads\/2025\/07\/Portadas-eventos-2-100x100.jpg 100w\" sizes=\"(max-width: 1080px) 100vw, 1080px\" \/>\t\t\t\t\t\t\t\t\t\t\t\t\t\t\t<\/div>\n\t\t\t\t<div class=\"elementor-element elementor-element-4d02207 elementor-widget elementor-widget-text-editor\" data-id=\"4d02207\" data-element_type=\"widget\" data-widget_type=\"text-editor.default\">\n\t\t\t\t\t\t\t\t\t<p><strong>Casos de \u00e9xito<\/strong><\/p>\t\t\t\t\t\t\t\t<\/div>\n\t\t\t\t<div class=\"elementor-element elementor-element-dcbac08 elementor-widget elementor-widget-text-editor\" data-id=\"dcbac08\" data-element_type=\"widget\" data-widget_type=\"text-editor.default\">\n\t\t\t\t\t\t\t\t\t<p><strong>Cartagena <span style=\"font-weight: 400;\">Andicom 2025<\/span><\/strong><\/p>\t\t\t\t\t\t\t\t<\/div>\n\t\t\t\t<div class=\"elementor-element elementor-element-68a6bdf elementor-widget-divider--view-line elementor-widget elementor-widget-divider\" data-id=\"68a6bdf\" data-element_type=\"widget\" data-widget_type=\"divider.default\">\n\t\t\t\t\t\t\t<div class=\"elementor-divider\">\n\t\t\t<span class=\"elementor-divider-separator\">\n\t\t\t\t\t\t<\/span>\n\t\t<\/div>\n\t\t\t\t\t\t<\/div>\n\t\t\t\t<div class=\"elementor-element elementor-element-7c5de39 elementor-widget elementor-widget-text-editor\" data-id=\"7c5de39\" data-element_type=\"widget\" data-widget_type=\"text-editor.default\">\n\t\t\t\t\t\t\t\t\t<p><span style=\"font-weight: 400;\">Estaremos presentes en el congreso m\u00e1s importante de tecnolog\u00eda en Am\u00e9rica Latina. Vis\u00edtanos en nuestro stand 6.3 y participa en sesiones exclusivas. <\/span><\/p>\t\t\t\t\t\t\t\t<\/div>\n\t\t\t\t<\/div>\n\t\t\t\t\t<\/div>\n\t\t\t\t<\/div>\n\t\t\t\t\t\t\t\t<\/div>\n\t\t\t\t\t\t\t\t<\/div>\n\t\t<\/div>\n\t\t\t\t\t<div class=\"swiper-pagination\"><\/div>\n\t\t\t\t\t\t<\/div>\n\t\t\t\t\t<\/div>\n\t\t\t\t<\/div>\n\t\t\t\t<\/div>\n\t\t","protected":false},"excerpt":{"rendered":"<p>Experiencias que conectan Nuestras experiencias est\u00e1n dise\u00f1adas para mostrar c\u00f3mo Maakal y Apple potencian la productividad, la seguridad y la innovaci\u00f3n en el entorno empresarial. Obtenga informaci\u00f3n estrat\u00e9gica sobre el ecosistema Apple, acceda a sesiones de formaci\u00f3n con expertos y participe en espacios creados para transformar la manera en que su organizaci\u00f3n trabaja. Estaremos anunciando [&hellip;]<\/p>\n","protected":false},"author":1,"featured_media":1266,"parent":0,"menu_order":0,"comment_status":"closed","ping_status":"closed","template":"","meta":{"_acf_changed":false,"footnotes":""},"class_list":["post-304","page","type-page","status-publish","has-post-thumbnail","hentry"],"acf":[],"_links":{"self":[{"href":"https:\/\/maakal.com\/apple\/wp-json\/wp\/v2\/pages\/304","targetHints":{"allow":["GET"]}}],"collection":[{"href":"https:\/\/maakal.com\/apple\/wp-json\/wp\/v2\/pages"}],"about":[{"href":"https:\/\/maakal.com\/apple\/wp-json\/wp\/v2\/types\/page"}],"author":[{"embeddable":true,"href":"https:\/\/maakal.com\/apple\/wp-json\/wp\/v2\/users\/1"}],"replies":[{"embeddable":true,"href":"https:\/\/maakal.com\/apple\/wp-json\/wp\/v2\/comments?post=304"}],"version-history":[{"count":52,"href":"https:\/\/maakal.com\/apple\/wp-json\/wp\/v2\/pages\/304\/revisions"}],"predecessor-version":[{"id":1291,"href":"https:\/\/maakal.com\/apple\/wp-json\/wp\/v2\/pages\/304\/revisions\/1291"}],"wp:featuredmedia":[{"embeddable":true,"href":"https:\/\/maakal.com\/apple\/wp-json\/wp\/v2\/media\/1266"}],"wp:attachment":[{"href":"https:\/\/maakal.com\/apple\/wp-json\/wp\/v2\/media?parent=304"}],"curies":[{"name":"wp","href":"https:\/\/api.w.org\/{rel}","templated":true}]}}