{"id":158,"date":"2025-07-30T14:20:26","date_gmt":"2025-07-30T14:20:26","guid":{"rendered":"https:\/\/maakal.com\/apple-colombia\/?page_id=158"},"modified":"2026-03-02T19:08:43","modified_gmt":"2026-03-02T19:08:43","slug":"puntos-colombia","status":"publish","type":"page","link":"https:\/\/maakal.com\/apple\/puntos-colombia\/","title":{"rendered":"Puntos Colombia"},"content":{"rendered":"\t\t<div data-elementor-type=\"wp-page\" data-elementor-id=\"158\" class=\"elementor elementor-158\" data-elementor-post-type=\"page\">\n\t\t\t\t<div class=\"elementor-element elementor-element-68b44a5 e-flex e-con-boxed e-con e-parent\" data-id=\"68b44a5\" data-element_type=\"container\">\n\t\t\t\t\t<div class=\"e-con-inner\">\n\t\t\t\t<div class=\"elementor-element elementor-element-9dabf70 elementor-widget elementor-widget-image\" data-id=\"9dabf70\" data-element_type=\"widget\" data-widget_type=\"image.default\">\n\t\t\t\t\t\t\t\t\t\t\t\t\t\t\t<img fetchpriority=\"high\" decoding=\"async\" width=\"800\" height=\"216\" src=\"https:\/\/maakal.com\/apple\/wp-content\/uploads\/2026\/03\/Captura-de-pantalla-2026-03-02-a-las-1.59.10-p.m-1024x276.png\" class=\"attachment-large size-large wp-image-1317\" alt=\"\" srcset=\"https:\/\/maakal.com\/apple\/wp-content\/uploads\/2026\/03\/Captura-de-pantalla-2026-03-02-a-las-1.59.10-p.m-1024x276.png 1024w, https:\/\/maakal.com\/apple\/wp-content\/uploads\/2026\/03\/Captura-de-pantalla-2026-03-02-a-las-1.59.10-p.m-300x81.png 300w, https:\/\/maakal.com\/apple\/wp-content\/uploads\/2026\/03\/Captura-de-pantalla-2026-03-02-a-las-1.59.10-p.m-768x207.png 768w, https:\/\/maakal.com\/apple\/wp-content\/uploads\/2026\/03\/Captura-de-pantalla-2026-03-02-a-las-1.59.10-p.m-1536x415.png 1536w, https:\/\/maakal.com\/apple\/wp-content\/uploads\/2026\/03\/Captura-de-pantalla-2026-03-02-a-las-1.59.10-p.m-2048x553.png 2048w, https:\/\/maakal.com\/apple\/wp-content\/uploads\/2026\/03\/Captura-de-pantalla-2026-03-02-a-las-1.59.10-p.m-600x162.png 600w\" sizes=\"(max-width: 800px) 100vw, 800px\" \/>\t\t\t\t\t\t\t\t\t\t\t\t\t\t\t<\/div>\n\t\t<div class=\"elementor-element elementor-element-e155d33 e-con-full e-flex e-con e-child\" data-id=\"e155d33\" data-element_type=\"container\">\n\t\t<div class=\"elementor-element elementor-element-209be5b e-con-full e-flex e-con e-child\" data-id=\"209be5b\" data-element_type=\"container\">\n\t\t\t\t<div class=\"elementor-element elementor-element-69f8415 elementor-widget elementor-widget-heading\" data-id=\"69f8415\" data-element_type=\"widget\" data-widget_type=\"heading.default\">\n\t\t\t\t\t<h1 class=\"elementor-heading-title elementor-size-default\">Puntos Colombia optimiz\u00f3 su operaci\u00f3n con el ecosistema Apple.<\/h1>\t\t\t\t<\/div>\n\t\t\t\t<div class=\"elementor-element elementor-element-e416dce elementor-widget elementor-widget-text-editor\" data-id=\"e416dce\" data-element_type=\"widget\" data-widget_type=\"text-editor.default\">\n\t\t\t\t\t\t\t\t\t<p>Puntos Colombia ha potenciado su operaci\u00f3n gracias al ecosistema Apple. Mucho m\u00e1s que un programa de lealtad, es la forma en que miles de colombianos convierten sus compras cotidianas en experiencias inolvidables.<\/p>\t\t\t\t\t\t\t\t<\/div>\n\t\t\t\t<\/div>\n\t\t\t\t<\/div>\n\t\t\t\t\t<\/div>\n\t\t\t\t<\/div>\n\t\t<div class=\"elementor-element elementor-element-2b1c89c e-flex e-con-boxed e-con e-parent\" data-id=\"2b1c89c\" data-element_type=\"container\">\n\t\t\t\t\t<div class=\"e-con-inner\">\n\t\t<div class=\"elementor-element elementor-element-57bce03 e-con-full e-flex e-con e-child\" data-id=\"57bce03\" data-element_type=\"container\">\n\t\t\t\t<div class=\"elementor-element elementor-element-253a250 elementor-widget elementor-widget-heading\" data-id=\"253a250\" data-element_type=\"widget\" data-widget_type=\"heading.default\">\n\t\t\t\t\t<h3 class=\"elementor-heading-title elementor-size-default\">El desaf\u00edo: transformar su ecosistema tecnol\u00f3gico para crecer con inteligencia.\u00a0<\/h3>\t\t\t\t<\/div>\n\t\t\t\t<\/div>\n\t\t<div class=\"elementor-element elementor-element-cadd019 e-con-full e-flex e-con e-child\" data-id=\"cadd019\" data-element_type=\"container\">\n\t\t\t\t<div class=\"elementor-element elementor-element-354aa68 elementor-widget elementor-widget-text-editor\" data-id=\"354aa68\" data-element_type=\"widget\" data-widget_type=\"text-editor.default\">\n\t\t\t\t\t\t\t\t\t<p>El objetivo era claro, necesitaban integrar por primera vez una flota de equipos 100% Apple en una infraestructura completamente basada en Windows. dar un paso estrat\u00e9gico hacia una tecnolog\u00eda m\u00e1s rentable, que les permitiera reducir costos a largo plazo y optimizar tiempos asociados a la gesti\u00f3n y soporte de equipos.<\/p><p>Este cambio marc\u00f3 el inicio de una transformaci\u00f3n enfocada en eficiencia, escalabilidad y visi\u00f3n de futuro.<\/p>\t\t\t\t\t\t\t\t<\/div>\n\t\t\t\t<\/div>\n\t\t\t\t\t<\/div>\n\t\t\t\t<\/div>\n\t\t<div class=\"elementor-element elementor-element-7069ee3 e-flex e-con-boxed e-con e-parent\" data-id=\"7069ee3\" data-element_type=\"container\" data-settings=\"{&quot;background_background&quot;:&quot;classic&quot;}\">\n\t\t\t\t\t<div class=\"e-con-inner\">\n\t\t<div class=\"elementor-element elementor-element-c7a8659 e-con-full e-flex e-con e-child\" data-id=\"c7a8659\" data-element_type=\"container\">\n\t\t\t\t<div class=\"elementor-element elementor-element-8c70bb0 elementor-widget elementor-widget-heading\" data-id=\"8c70bb0\" data-element_type=\"widget\" data-widget_type=\"heading.default\">\n\t\t\t\t\t<h2 class=\"elementor-heading-title elementor-size-default\">El impacto: eficiencia que se traduce en resultados medibles.<\/h2>\t\t\t\t<\/div>\n\t\t\t\t<\/div>\n\t\t<div class=\"elementor-element elementor-element-7d45b91 e-con-full e-flex e-con e-child\" data-id=\"7d45b91\" data-element_type=\"container\">\n\t\t\t\t<div class=\"elementor-element elementor-element-be2b868 elementor-widget elementor-widget-text-editor\" data-id=\"be2b868\" data-element_type=\"widget\" data-widget_type=\"text-editor.default\">\n\t\t\t\t\t\t\t\t\t<p>Gracias a la implementaci\u00f3n de equipos Apple, una soluci\u00f3n de gesti\u00f3n centralizada (MDM) y el acompa\u00f1amiento t\u00e9cnico especializado de Maakal, el cliente logr\u00f3 una notable mejora operativa. Los tickets a la mesa de servicios disminuyeron significativamente, y los incidentes relacionados con hardware y software se redujeron de forma considerable.\u2028<br \/>Con una operaci\u00f3n m\u00e1s estable, eficiente y aut\u00f3noma, el cliente alcanz\u00f3 un nivel de madurez tecnol\u00f3gica que incluso le permiti\u00f3 prescindir del soporte nivel 2, optimizando a\u00fan m\u00e1s sus recursos.<\/p>\t\t\t\t\t\t\t\t<\/div>\n\t\t\t\t<\/div>\n\t\t\t\t\t<\/div>\n\t\t\t\t<\/div>\n\t\t<div class=\"elementor-element elementor-element-9a03e4a e-flex e-con-boxed e-con e-parent\" data-id=\"9a03e4a\" data-element_type=\"container\">\n\t\t\t\t\t<div class=\"e-con-inner\">\n\t\t<div class=\"elementor-element elementor-element-7ef4e26 e-con-full e-flex e-con e-child\" data-id=\"7ef4e26\" data-element_type=\"container\">\n\t\t\t\t<div class=\"elementor-element elementor-element-fc05647 elementor-widget elementor-widget-heading\" data-id=\"fc05647\" data-element_type=\"widget\" data-widget_type=\"heading.default\">\n\t\t\t\t\t<h2 class=\"elementor-heading-title elementor-size-default\">La soluci\u00f3n: tecnolog\u00eda con respaldo y control total.<\/h2>\t\t\t\t<\/div>\n\t\t\t\t<\/div>\n\t\t<div class=\"elementor-element elementor-element-14a31df e-con-full e-flex e-con e-child\" data-id=\"14a31df\" data-element_type=\"container\">\n\t\t\t\t<div class=\"elementor-element elementor-element-d00e6eb elementor-widget elementor-widget-text-editor\" data-id=\"d00e6eb\" data-element_type=\"widget\" data-widget_type=\"text-editor.default\">\n\t\t\t\t\t\t\t\t\t<p>Para acompa\u00f1ar esta transici\u00f3n, buscamos una soluci\u00f3n que les diera tranquilidad y control desde el primer d\u00eda.<br \/>\u2028Realizamos una integraci\u00f3n multiplataforma entre ABM y MDM que les permiti\u00f3 administrar de forma centralizada todos los equipos Apple, asegurando eficiencia, visibilidad y seguridad en su operaci\u00f3n.<br \/>Adem\u00e1s, incluimos un SLA de soporte nivel 2, brindando respaldo t\u00e9cnico especializado en caso de requerir acompa\u00f1amiento con garant\u00edas o incidencias, sin afectar la continuidad del negocio.<\/p>\t\t\t\t\t\t\t\t<\/div>\n\t\t\t\t<\/div>\n\t\t\t\t\t<\/div>\n\t\t\t\t<\/div>\n\t\t<div class=\"elementor-element elementor-element-700031d e-flex e-con-boxed e-con e-parent\" data-id=\"700031d\" data-element_type=\"container\" data-settings=\"{&quot;background_background&quot;:&quot;classic&quot;}\">\n\t\t\t\t\t<div class=\"e-con-inner\">\n\t\t<div class=\"elementor-element elementor-element-fbaf14e e-con-full e-flex e-con e-child\" data-id=\"fbaf14e\" data-element_type=\"container\">\n\t\t\t\t<div class=\"elementor-element elementor-element-6006de1 elementor-widget elementor-widget-heading\" data-id=\"6006de1\" data-element_type=\"widget\" data-widget_type=\"heading.default\">\n\t\t\t\t\t<h2 class=\"elementor-heading-title elementor-size-default\">Conclusi\u00f3n: cuando tecnolog\u00eda y estrategia convergen.<\/h2>\t\t\t\t<\/div>\n\t\t\t\t<\/div>\n\t\t<div class=\"elementor-element elementor-element-9714c0d e-con-full e-flex e-con e-child\" data-id=\"9714c0d\" data-element_type=\"container\">\n\t\t\t\t<div class=\"elementor-element elementor-element-1eeeacd elementor-widget elementor-widget-text-editor\" data-id=\"1eeeacd\" data-element_type=\"widget\" data-widget_type=\"text-editor.default\">\n\t\t\t\t\t\t\t\t\t<p>La transici\u00f3n de Puntos Colombia, de un ecosistema 100% Windows a una plataforma h\u00edbrida con Apple demostr\u00f3 que ambas tecnolog\u00edas pueden convivir de forma eficiente y complementaria. Gracias a solucion MDM\u00a0 Jamf , fue posible integrar los equipos Apple a los directorios activos existentes, garantizando una administraci\u00f3n fluida y segura.\u2028<br \/>Adem\u00e1s, el soporte t\u00e9cnico se volvi\u00f3 m\u00e1s \u00e1gil y las incidencias por garant\u00edas disminuyeron en comparaci\u00f3n con la plataforma anterior, confirmando que elegir Apple no solo fue una apuesta por la innovaci\u00f3n, sino tambi\u00e9n por la eficiencia operativa.\u00a0\u00a0<\/p>\t\t\t\t\t\t\t\t<\/div>\n\t\t\t\t<\/div>\n\t\t\t\t\t<\/div>\n\t\t\t\t<\/div>\n\t\t<div class=\"elementor-element elementor-element-e118993 e-flex e-con-boxed e-con e-parent\" data-id=\"e118993\" data-element_type=\"container\">\n\t\t\t\t\t<div class=\"e-con-inner\">\n\t\t<div class=\"elementor-element elementor-element-b541689 e-con-full e-flex e-con e-child\" data-id=\"b541689\" data-element_type=\"container\">\n\t\t\t\t<\/div>\n\t\t\t\t\t<\/div>\n\t\t\t\t<\/div>\n\t\t\t\t<\/div>\n\t\t","protected":false},"excerpt":{"rendered":"<p>Puntos Colombia optimiz\u00f3 su operaci\u00f3n con el ecosistema Apple. Puntos Colombia ha potenciado su operaci\u00f3n gracias al ecosistema Apple. Mucho m\u00e1s que un programa de lealtad, es la forma en que miles de colombianos convierten sus compras cotidianas en experiencias inolvidables. El desaf\u00edo: transformar su ecosistema tecnol\u00f3gico para crecer con inteligencia.\u00a0 El objetivo era claro, [&hellip;]<\/p>\n","protected":false},"author":1,"featured_media":1266,"parent":0,"menu_order":0,"comment_status":"closed","ping_status":"closed","template":"","meta":{"_acf_changed":false,"footnotes":""},"class_list":["post-158","page","type-page","status-publish","has-post-thumbnail","hentry"],"acf":[],"_links":{"self":[{"href":"https:\/\/maakal.com\/apple\/wp-json\/wp\/v2\/pages\/158","targetHints":{"allow":["GET"]}}],"collection":[{"href":"https:\/\/maakal.com\/apple\/wp-json\/wp\/v2\/pages"}],"about":[{"href":"https:\/\/maakal.com\/apple\/wp-json\/wp\/v2\/types\/page"}],"author":[{"embeddable":true,"href":"https:\/\/maakal.com\/apple\/wp-json\/wp\/v2\/users\/1"}],"replies":[{"embeddable":true,"href":"https:\/\/maakal.com\/apple\/wp-json\/wp\/v2\/comments?post=158"}],"version-history":[{"count":79,"href":"https:\/\/maakal.com\/apple\/wp-json\/wp\/v2\/pages\/158\/revisions"}],"predecessor-version":[{"id":1321,"href":"https:\/\/maakal.com\/apple\/wp-json\/wp\/v2\/pages\/158\/revisions\/1321"}],"wp:featuredmedia":[{"embeddable":true,"href":"https:\/\/maakal.com\/apple\/wp-json\/wp\/v2\/media\/1266"}],"wp:attachment":[{"href":"https:\/\/maakal.com\/apple\/wp-json\/wp\/v2\/media?parent=158"}],"curies":[{"name":"wp","href":"https:\/\/api.w.org\/{rel}","templated":true}]}}